{"id":5043,"date":"2023-09-15T21:19:01","date_gmt":"2023-09-16T00:19:01","guid":{"rendered":"https:\/\/unionactiva.com\/?page_id=5043"},"modified":"2023-09-15T21:38:40","modified_gmt":"2023-09-16T00:38:40","slug":"elementos-necesarios-para-trekking","status":"publish","type":"page","link":"https:\/\/unionactiva.com\/index.php\/elementos-necesarios-para-trekking\/","title":{"rendered":"Elementos necesarios para trekking"},"content":{"rendered":"<p>[et_pb_section fb_built=\u00bb1&#8243; custom_padding_last_edited=\u00bbon|phone\u00bb next_background_color=\u00bb#ffffff\u00bb admin_label=\u00bbHero\u00bb _builder_version=\u00bb4.13.0&#8243; use_background_color_gradient=\u00bbon\u00bb background_color_gradient_start=\u00bb#9dd5c0&#8243; background_color_gradient_end=\u00bbrgba(99,198,169,0.59)\u00bb background_color_gradient_type=\u00bbradial\u00bb background_color_gradient_direction_radial=\u00bbtop left\u00bb background_color_gradient_start_position=\u00bb50%\u00bb background_color_gradient_overlays_image=\u00bbon\u00bb background_image=\u00bbhttps:\/\/unionactiva.com\/wp-content\/uploads\/2023\/05\/elementos-trekking.jpg\u00bb background_blend=\u00bbmultiply\u00bb min_height=\u00bb225px\u00bb custom_margin=\u00bb0px||||false|false\u00bb custom_padding=\u00bb0vw||9vw||false|false\u00bb custom_padding_tablet=\u00bb||50px|\u00bb custom_padding_phone=\u00bb\u00bb bottom_divider_style=\u00bbcurve\u00bb bottom_divider_height=\u00bb2.5vw\u00bb hover_enabled=\u00bb0&#8243; global_colors_info=\u00bb{}\u00bb sticky_enabled=\u00bb0&#8243;][et_pb_row _builder_version=\u00bb3.25&#8243; animation_style=\u00bbfade\u00bb global_colors_info=\u00bb{}\u00bb][et_pb_column type=\u00bb4_4&#8243; _builder_version=\u00bb3.25&#8243; custom_padding=\u00bb|||\u00bb global_colors_info=\u00bb{}\u00bb custom_padding__hover=\u00bb|||\u00bb][et_pb_text _builder_version=\u00bb4.13.0&#8243; text_font=\u00bb||||||||\u00bb text_font_size=\u00bb18px\u00bb text_line_height=\u00bb2em\u00bb header_font=\u00bbMontserrat|300|||||||\u00bb header_font_size=\u00bb50px\u00bb header_line_height=\u00bb1.4em\u00bb transform_translate=\u00bb0px|40px\u00bb text_orientation=\u00bbcenter\u00bb max_width=\u00bb700px\u00bb module_alignment=\u00bbcenter\u00bb custom_margin=\u00bb100px||8px||false|false\u00bb hover_enabled=\u00bb0&#8243; header_font_size_tablet=\u00bb40px\u00bb header_font_size_phone=\u00bb32px\u00bb header_font_size_last_edited=\u00bbon|desktop\u00bb global_colors_info=\u00bb{}\u00bb sticky_enabled=\u00bb0&#8243; header_text_shadow_style=\u00bbpreset1&#8243;]<\/p>\n<h1><span style=\"color: #ffffff;\">Elementos necesarios<\/span><span style=\"font-size: 18px; color: #666666; font-family: 'Open Sans', Arial, sans-serif;\">\u00a0<\/span><\/h1>\n<p>[\/et_pb_text][\/et_pb_column][\/et_pb_row][\/et_pb_section][et_pb_section fb_built=\u00bb1&#8243; admin_label=\u00bbBlog\u00bb _builder_version=\u00bb3.22&#8243; custom_padding=\u00bb53px|1px|53.4688px|0px|false|false\u00bb global_colors_info=\u00bb{}\u00bb][et_pb_row column_structure=\u00bb3_5,2_5&#8243; _builder_version=\u00bb4.13.0&#8243; _module_preset=\u00bbdefault\u00bb global_colors_info=\u00bb{}\u00bb][et_pb_column type=\u00bb3_5&#8243; _builder_version=\u00bb4.13.0&#8243; _module_preset=\u00bbdefault\u00bb global_colors_info=\u00bb{}\u00bb][et_pb_text _builder_version=\u00bb4.13.0&#8243; _module_preset=\u00bbdefault\u00bb text_font_size=\u00bb19px\u00bb global_colors_info=\u00bb{}\u00bb]A continuaci\u00f3n te indicamos y sugerimos los elementos que te permitir\u00e1n disfrutan de la experiencia de manera mas segura y placentera. Como observar\u00e1s algunos son sugeridos y otros obligatorios debido a lo determinante que son en cuanto a tu seguridad.[\/et_pb_text][\/et_pb_column][et_pb_column type=\u00bb2_5&#8243; _builder_version=\u00bb4.13.0&#8243; _module_preset=\u00bbdefault\u00bb global_colors_info=\u00bb{}\u00bb][et_pb_image src=\u00bbhttps:\/\/unionactiva.com\/wp-content\/uploads\/2023\/05\/trekking-2.webp\u00bb alt=\u00bbenfermer\u00eda a domicilio\u00bb title_text=\u00bbtrekking 2&#8243; _builder_version=\u00bb4.13.0&#8243; _module_preset=\u00bbdefault\u00bb global_colors_info=\u00bb{}\u00bb][\/et_pb_image][\/et_pb_column][\/et_pb_row][et_pb_row _builder_version=\u00bb4.13.0&#8243; _module_preset=\u00bbdefault\u00bb global_colors_info=\u00bb{}\u00bb][et_pb_column type=\u00bb4_4&#8243; _builder_version=\u00bb4.13.0&#8243; _module_preset=\u00bbdefault\u00bb global_colors_info=\u00bb{}\u00bb][et_pb_text _builder_version=\u00bb4.13.0&#8243; _module_preset=\u00bbdefault\u00bb header_line_height=\u00bb1.3em\u00bb global_colors_info=\u00bb{}\u00bb]<\/p>\n<h1>Listado de elementos<\/h1>\n<p>[\/et_pb_text][\/et_pb_column][\/et_pb_row][et_pb_row _builder_version=\u00bb4.13.0&#8243; _module_preset=\u00bbdefault\u00bb global_colors_info=\u00bb{}\u00bb][et_pb_column type=\u00bb4_4&#8243; _builder_version=\u00bb4.13.0&#8243; _module_preset=\u00bbdefault\u00bb global_colors_info=\u00bb{}\u00bb][et_pb_text _builder_version=\u00bb4.13.0&#8243; _module_preset=\u00bbdefault\u00bb text_font_size=\u00bb17px\u00bb global_colors_info=\u00bb{}\u00bb]<\/p>\n<ul>\n<li>Mochila adecuada que permita mantener las manos libres. (No bolsa de mano).<\/li>\n<li>Raciones de marcha energizantes ( Por ejemplo: pasas de uva; turrones etc. )<\/li>\n<li>Agua en botella\/s. ( 2 litros por persona como m\u00ednimo ).<\/li>\n<li>Sombrero para el sol.<\/li>\n<li>Lentes para el sol&nbsp; <strong>Elemento Optativo<\/strong>.<\/li>\n<li>Vianda individual para almuerzo y merienda.<\/li>\n<li>Protector\/pantalla solar.<\/li>\n<li>Ropa c\u00f3moda. Zapatillas adecuadas para caminar en terreno pedregoso. Si son nuevas, probarlas antes.<\/li>\n<li>Bast\u00f3n de trekking ( alternativo: palo de escoba por ejemplo) <strong>Elemento Optativo.<\/strong><\/li>\n<li>Elementos de higiene personal. Papel higi\u00e9nico.<\/li>\n<li>Bolsa para residuos ( todo lo que llevamos vuelve ).<\/li>\n<li>Medicaci\u00f3n personal, en caso de estar prescrita. <strong>Elemento Optativo.<\/strong><\/li>\n<li>Capas de abrigo de acuerdo al clima de d\u00eda. Ej. Buzo y rompe viento.<\/li>\n<\/ul>\n<p>[\/et_pb_text][\/et_pb_column][\/et_pb_row][\/et_pb_section][et_pb_section fb_built=\u00bb1&#8243; admin_label=\u00bbHow it Works\u00bb _builder_version=\u00bb4.13.0&#8243; background_color=\u00bb#f2f6fc\u00bb use_background_color_gradient=\u00bbon\u00bb background_color_gradient_start=\u00bb#9dd5c0&#8243; background_color_gradient_end=\u00bbrgba(99,198,169,0.59)\u00bb background_image=\u00bbhttps:\/\/unionactiva.com\/wp-content\/uploads\/2021\/11\/therapist-07.png\u00bb parallax=\u00bbon\u00bb global_colors_info=\u00bb{}\u00bb][\/et_pb_section]<\/p>\n","protected":false},"excerpt":{"rendered":"<p>Elementos necesarios\u00a0A continuaci\u00f3n te indicamos y sugerimos los elementos que te permitir\u00e1n disfrutan de la experiencia de manera mas segura y placentera. Como observar\u00e1s algunos son sugeridos y otros obligatorios debido a lo determinante que son en cuanto a tu seguridad.Listado de elementos Mochila adecuada que permita mantener las manos libres. (No bolsa de mano). [&hellip;]<\/p>\n","protected":false},"author":1,"featured_media":0,"parent":0,"menu_order":0,"comment_status":"closed","ping_status":"closed","template":"","meta":{"_et_pb_use_builder":"on","_et_pb_old_content":"","_et_gb_content_width":"","_joinchat":[],"footnotes":""},"wf_page_folders":[64],"class_list":["post-5043","page","type-page","status-publish","hentry"],"_links":{"self":[{"href":"https:\/\/unionactiva.com\/index.php\/wp-json\/wp\/v2\/pages\/5043","targetHints":{"allow":["GET"]}}],"collection":[{"href":"https:\/\/unionactiva.com\/index.php\/wp-json\/wp\/v2\/pages"}],"about":[{"href":"https:\/\/unionactiva.com\/index.php\/wp-json\/wp\/v2\/types\/page"}],"author":[{"embeddable":true,"href":"https:\/\/unionactiva.com\/index.php\/wp-json\/wp\/v2\/users\/1"}],"replies":[{"embeddable":true,"href":"https:\/\/unionactiva.com\/index.php\/wp-json\/wp\/v2\/comments?post=5043"}],"version-history":[{"count":6,"href":"https:\/\/unionactiva.com\/index.php\/wp-json\/wp\/v2\/pages\/5043\/revisions"}],"predecessor-version":[{"id":5058,"href":"https:\/\/unionactiva.com\/index.php\/wp-json\/wp\/v2\/pages\/5043\/revisions\/5058"}],"wp:attachment":[{"href":"https:\/\/unionactiva.com\/index.php\/wp-json\/wp\/v2\/media?parent=5043"}],"wp:term":[{"taxonomy":"wf_page_folders","embeddable":true,"href":"https:\/\/unionactiva.com\/index.php\/wp-json\/wp\/v2\/wf_page_folders?post=5043"}],"curies":[{"name":"wp","href":"https:\/\/api.w.org\/{rel}","templated":true}]}}